(p) = -26*p**2 + 26*p. Let a(o) = -9*o**2 + 9*o. Let g(i) = 17*a(i) - 6*l(i). Let y(v) = -v + 1. Let s be y(-1). Determine g(s).
6
Let k(h) = h**2 - 6*h. Let i be k(6). Let p(f) be the third derivative of f**5/60 + f**3/2 - 3*f**2. Give p(i).
3
Let z(f) = -f**3 + f**2 - 1. Let r be z(-1). Let g(v) = 8*v**2 + 2*v - 1. Determine g(r).
9
Let u be (-1)/(-3) - (-2)/3. Let h = 1 + u. Let k = -1 + h. Let y(s) = -s. Calculate y(k).
-1
Let s(w) be the second derivative of -w**5/4 + w**3/6 + w**2/2 + w. Suppose -10 = 5*a, f - 36 = 5*f + 4*a. Let v be (-2)/f - 27/21. Determine s(v).
5
Let w(u) = -2*u - 4. Let f(c) = -5*c**2 - c + 1. Let t be f(1). Let y(n) = -2*n - 3. Let d(b) = t*w(b) + 6*y(b). Calculate d(-5).
12
Let k(c) = c**3 + 8*c**2 + c + 11. Let s be k(-8). Let h(q) = 0 - s*q**3 + 2*q**2 - 2 + 4*q**3 - q. What is h(-2)?
0
Let c = -7 - -9. Let l(x) be the third derivative of -x**7/2520 + x**4/24 - 2*x**2. Let k(i) be the second derivative of l(i). Calculate k(c).
-4
Suppose c - 6 = -2. Let n(v) be the third derivative of 0 - v**2 + 1/60*v**5 - 1/6*v**3 + 0*v + 1/24*v**c. Calculate n(2).
5
Let w(y) = -y**3 + y**2 + y + 1. Let q(i) = -2*i**3 + 2*i**2 - i. Let o(l) = -q(l) + 3*w(l). Suppose -k = -6*k + 5*c + 15, 4*k = -3*c - 23. Calculate o(k).
7
Let a(v) = -25 + 13 + 10 - 6*v. Give a(3).
-20
Let s(p) = -p**2 - 6*p - 4. Let n be 9/(-4)*8/(-6). Let t be (-3 + n - 2) + -2. What is s(t)?
4
Suppose f - 1 = 2. Let x(l) = -1 + 6*l - l**3 + 8*l**2 - 4*l - 1 - 6*l**2. What is x(f)?
-5
Let o(d) be the first derivative of 0*d + 1/2*d**2 - 3 - 2/3*d**3 - 1/4*d**4. Calculate o(-3).
6
Suppose 7 = -5*i + 9*i - c, -4*c - 4 = -4*i. Let j(a) = -22 + 2*a**i + 25 + 3*a - 3*a**2 + 0*a. Suppose 0 = 4*x - 2*n - 6, x + 5*n - n = 15. Calculate j(x).
3
Let s(r) = -96*r + r**3 + 48*r - 1 + 47*r. Calculate s(0).
-1
Let y(f) = f - 2*f + 10 - 5. Let o(h) = -h**2 - h + 56. Let t be o(-8). Determine y(t).
5
Let y(p) = p**2 + p - 2. Let w be y(-3). Let z(j) = w*j - 1 + j - j. Let n(f) = f**3 + 3*f**2 - 7*f - 10. Let l be n(-4). Give z(l).
7
Let u(i) = -3 + 11 + 2*i**2 + 6*i - 3*i**2 + 1. What is u(8)?
-7
Let q(a) be the third derivative of a**5/60 + a**4/24 + a**3/6 + a**2. Let s(n) = 2*n - 2. Let b(j) = -q(j) + s(j). What is b(0)?
-3
Suppose 7*u + 9 = 4*u. Let i(s) = -s**3 - 3*s**2 + 3. What is i(u)?
3
Let u = 16 + -19. Let s(m) = m**2 + 5*m + 4. Give s(u).
-2
Let j(c) = 4*c**2 - 6*c**2 + 1 + 7*c - c + c**2. What is j(6)?
1
Let a(m) be the second derivative of m**4/3 + m**3/3 - m**2/2 + m. Let y(l) = l**2 - 8*l + 8. Suppose 2*k - 5 = 9. Let u be y(k). Give a(u).
5
Suppose 4*x - 21 = 19. Suppose i + i + x = -4*y, 4*y + 31 = 5*i. Let h(n) = -2*n - 4. Let d be h(y). Let u(k) = -k - 1. Give u(d).
-5
Suppose 0*l = -6*l - 24. Let m(f) = -4*f + 5. Calculate m(l).
21
Let x(f) be the third derivative of 0 - 1/20*f**5 + 0*f**3 + 1/120*f**6 + f**2 + 0*f - 1/24*f**4. Let l = -1 - -4. Calculate x(l).
-3
Let d(g) = -3*g**3 + 2*g**2 + 1. Let a(q) = -14*q**3 + 10*q**2 + q + 5. Let n(c) = 2*a(c) - 11*d(c). What is n(1)?
4
Let a(f) be the first derivative of f**3/3 + 3*f**2/2 + 2*f - 12. What is a(3)?
20
Let m(f) be the second derivative of f**3/6 + 5*f**2/2 + 14*f. Calculate m(5).
10
Suppose -6 = 2*v - 3*a + 10, -2*a = -2*v - 14. Let m(f) = f**3 + 5*f**2 + 3. What is m(v)?
3
Let d(x) be the third derivative of -x**6/120 + x**5/15 + 5*x**4/24 - 2*x**3/3 + 27*x**2. Calculate d(5).
-4
Let n be (-63)/(-14)*8/6. Let m(d) = d + 1. Let w(i) = -i**2 - 2*i. Let z(f) = 6*m(f) + w(f). Determine z(n).
-6
Let n(z) be the second derivative of -7*z - 7/2*z**2 + 0 + 2/3*z**3 + 1/12*z**4. Calculate n(-6).
5
Let n(w) = -8*w - 7. Let a(t) = 8*t + 6. Suppose -7 - 23 = -5*b. Let x(m) = b*a(m) + 5*n(m). What is x(-1)?
-7
Let t(k) be the third derivative of -1/60*k**5 + 0*k - 1/8*k**4 + 7/6*k**3 + 4*k**2 + 0. Give t(-5).
-3
Let r(i) be the first derivative of 2*i**2 - i + 8. Give r(1).
3
Let h(u) be the first derivative of -u**4/4 + u**3 + u**2/2 - 4*u - 31. Give h(3).
-1
Suppose 0 = 3*n - 5*b - 43, 4*b - 1 + 3 = -3*n. Let j(v) = -4*v + 7. What is j(n)?
-17
Let p(c) = -2*c**3 + 3*c**2 + 3*c - 2. Let g be p(2). Let r(l) be the second derivative of 1/20*l**5 - 4*l + 0*l**4 - 1/6*l**3 + g + 0*l**2. Determine r(2).
6
Let u(h) = h + 3. Let z be u(3). Let f(r) = 5*r**2 + 7. Let y(k) = -4*k**2 + k - 6. Let x(c) = z*y(c) + 5*f(c). What is x(-6)?
-1
Let s(y) = y**3 + y**2 - 6. Let g be s(0). Let v(j) = 5*j + 9. Let o(u) = 6*u + 10. Let p(x) = g*o(x) + 7*v(x). Calculate p(3).
0
Let l be (-24)/(-16)*(-2)/3. Let v(g) = g**2 - g. Give v(l).
2
Let c(z) = -z**2 - 3*z + 2. Let n(p) be the first derivative of 2 - 1/3*p**3 - 4*p + 9/2*p**2. Let l be n(9). Determine c(l).
-2
Let u(w) = -w**2 - 3*w - 7. Let h(v) = -v. Let b(i) = 2*h(i) + u(i). Determine b(-6).
-13
Let z(m) = -m**3 + 6*m**2 + 7*m - 6. Suppose -7*f + 9*f = 14. Give z(f).
-6
Let r(b) = b - 12. Let o(k) = 5*k - 61. Let i(c) = 2*o(c) - 11*r(c). Give i(12).
-2
Suppose 5 = 5*p - 5. Let b(n) = -n**2 + n**2 + n**p + 5*n. Suppose t + 17 = -4*x, 4*t + 0 - 4 = 2*x. Determine b(x).
-4
Let s(c) = c**3 + 3*c - 1. Let x be -3*(42/9)/(-7). Calculate s(x).
13
Suppose -3*q + 2*o = q - 10, -2*q - 3*o = -1. Let n(z) = -z**2 + 2*z + 1. Determine n(q).
1
Suppose -17*m - 4 = -21*m. Let v(s) be the second derivative of -7*s**5/20 + s**4/12 - s. What is v(m)?
-6
Let q(f) = -2*f - 8. Let r(h) = 1. Let g(d) = -q(d) - 5*r(d). Let o(i) = -i**2 - i + 1. Let v be o(2). Calculate g(v).
-7
Suppose -4*u = 4*z, 3*u - 1 = -2*z - 3. Suppose z*s = -s. Let b(h) = -h**3 + h**2 + 3. Determine b(s).
3
Let q(c) = 8*c**2 - c + 1. Suppose 5*t + 16 = -4*r, -4*t - 12 = 4. Calculate q(r).
8
Let b be (-14)/42 - 2/(-6). Suppose b = g - 4*g + 3. Let v(t) = -8*t**3 - t**2 + t - 1. What is v(g)?
-9
Suppose 16 = -4*q, -3 + 7 = 4*a + 4*q. Let k(h) be the second derivative of h**4/12 - 5*h**3/6 + h**2 - h. Determine k(a).
2
Let t(u) = 0*u**2 + 4*u**2 + 7*u + 6 - 3*u**2. Determine t(-6).
0
Let q(f) = f**2 + f. Let g(r) = -2*r**2 + 4*r. Let w(x) = -g(x) - q(x). Let d be w(5). Suppose d = -0*a - 5*a - 20. Let i(o) = -2*o - 4. Determine i(a).
4
Let j be (-2)/6*(3 + -18). Let u(o) be the first derivative of o**5/120 - 3*o**4/8 + o**3 + 7. Let i(d) be the third derivative of u(d). Give i(j).
-4
Let d(f) = -2*f + 9*f**3 + 1 - 20*f**3 + 0*f**3. Let u = -2 - -3. What is d(u)?
-12
Let c be 44/72 + -1*(-2)/9. Let f(p) be the third derivative of -1/24*p**4 + c*p**3 + 0 + 0*p - 2*p**2. Calculate f(-4).
9
Let v(o) = -3*o**3 + 3*o**2 - 8*o - 7. Let a(h) = -h + 10. Let k be a(8). Let t(m) = m**3 - 2*m**2 + 4*m + 3. Let s(x) = k*v(x) + 5*t(x). What is s(-5)?
6
Let v(c) be the third derivative of -c**4/24 - c**3/6 + 10*c**2. Let h be (-10)/12 + 4/(-24). Give v(h).
0
Let j(f) be the first derivative of -1/2*f**2 - 1/3*f**3 - f + 1/4*f**4 + 1. Let b(v) = v**3 - 10*v**2 - 10*v - 9. Let z be b(11). What is j(z)?
1
Let q be 1/3 + 5/3. Let k(d) = 3*d**2 - 4 + 10 - q*d**2 - d - d. Give k(4).
14
Let y(z) be the third derivative of -23*z**6/120 + z**4/12 - z**3/6 + 22*z**2. What is y(1)?
-22
Let c(b) = 15*b - 1. Let f(s) = s**3 + s**2 - s + 3. Let x be f(-2). What is c(x)?
14
Let k(s) = -s**2 - s + 5. Let r be k(0). Suppose 7*y - 3*y = 4*m - 4, -5*y = r*m - 35. Let g(i) = -2*i + 2. Determine g(y).
-4
Suppose 3 = 3*j + 12. Let y(q) = -q**2 - 6*q - 2. Let m be y(j). Let o(x) = m + x - 3 + x. Give o(-5).
-6
Suppose -3*a + 0*a + 18 = 0. Let h(s) = -s**3 + 112*s**2 + 4*s - 107*s**2 + s**3 - s**3 + 6. What is h(a)?
-6
Suppose 0 = l - 4*l + 15. Let t be 3/1 - (5 - l). Let y(c) = -c**3 + 0*c**t + 5 + 2*c**3 + 0*c**2 - c**2. Determine y(0).
5
Suppose 2*z = 2*m + 12, 2*z - 39 = 5*m - 12. Let w(f) = -f - 2. Let h(p) = p + 2. Let u(g) = m*h(g) - 6*w(g). What is u(6)?
8
Let k(b) = -12*b**2 + 6. Let n(d) = -12*d**2 + 7. Let j(p) = 6*k(p) - 5*n(p). What is j(1)?
-11
Let u be (12/(-10))/((-3)/(-10)). Let r(b) = 1 + 2*b**2 - 5*b + 0*b**2 + 2 - 3*b**2. Calculate r(u).
7
Let f(j) = -5*j + 3*j - 2 - 1. Let t be 6/2 - (0 + 0). Calculate f(t).
-9
Let l(y) = y**3 + 3*y**2 - 4*y + 1. Suppose 9*u + 22 + 14 = 0. What is l(u)?
1
Let l(d) = 0*d**2 - 2*d**3 + 9 + 2*d**2 + d**3 - 3*d**2. Calculate l(0).
9
Let z = 5 - 9. Let p be (-30)/z*44/55. Let q(k) be the second derivative of